{"id":981,"date":"2020-10-18T08:32:20","date_gmt":"2020-10-18T08:32:20","guid":{"rendered":"http:\/\/afafloresta.org\/?page_id=981"},"modified":"2021-03-20T19:00:43","modified_gmt":"2021-03-20T19:00:43","slug":"ultimes-actes","status":"publish","type":"page","link":"https:\/\/afafloresta.org\/index.php\/ultimes-actes\/","title":{"rendered":"\u00daLTIMES ACTES I DOCUMENTS"},"content":{"rendered":"\n<p class=\"has-normal-font-size\">Aqu\u00ed hi podeu veure les actes de les \u00faltimes assemblees, mem\u00f2ries, pressupostos i altres documents  importants de l&#8217;AFA. Si voleu informaci\u00f3 sobre algun tema relacionat i no trobeu la informaci\u00f3 aqu\u00ed, ens podeu contactar, i us informarem.<\/p>\n\n\n\n<h3 class=\"has-text-align-center wp-block-heading\"><strong>CURS 2020\/2021<\/strong><\/h3>\n\n\n\n<h4 class=\"wp-block-heading\">ACTES ASSEMBLEES<\/h4>\n\n\n\n<div class=\"wp-block-group\"><div class=\"wp-block-group__inner-container is-layout-flow wp-block-group-is-layout-flow\">\n<div class=\"wp-block-file\"><a href=\"https:\/\/afafloresta.org\/wp-content\/uploads\/2020\/10\/Acta-Assemblea-del-6_10_2020-.pdf\">Acta-Assemblea-del-6_10_2020-<\/a><a href=\"https:\/\/afafloresta.org\/wp-content\/uploads\/2020\/10\/Acta-Assemblea-del-6_10_2020-.pdf\" class=\"wp-block-file__button\" download>Descarrega<\/a><\/div>\n\n\n\n<div class=\"wp-block-file\"><a href=\"http:\/\/afafloresta.org\/wp-content\/uploads\/2020\/11\/Acta-Assamblea-5-Novembre-2020.pdf\">Acta Assemblea 5 Novembre 2020<\/a><a href=\"http:\/\/afafloresta.org\/wp-content\/uploads\/2020\/11\/Acta-Assamblea-5-Novembre-2020.pdf\" class=\"wp-block-file__button\" download>Descarrega<\/a><\/div>\n\n\n\n<p><\/p>\n<\/div><\/div>\n\n\n\n<h4 class=\"wp-block-heading\">MEM\u00d2RIES<\/h4>\n\n\n\n<div class=\"wp-block-file\"><a href=\"http:\/\/afafloresta.org\/wp-content\/uploads\/2020\/11\/Memoria-2019-2020.pdf\">Mem\u00f2ria 2019-2020<\/a><a href=\"http:\/\/afafloresta.org\/wp-content\/uploads\/2020\/11\/Memoria-2019-2020.pdf\" class=\"wp-block-file__button\" download>Descarrega<\/a><\/div>\n\n\n\n<p><\/p>\n\n\n\n<p class=\"has-normal-font-size\">Si teniu inter\u00e8s en actes o documents d&#8217;anys anteriors mireu la carpeta \u00abHIST\u00d2RIC\u00bb, aqu\u00ed mateix:<\/p>\n\n\n\n<h4 class=\"wp-block-heading\"><a href=\"https:\/\/afafloresta.org\/index.php\/documents-afa\/\">Hist\u00f2ric<\/a> <\/h4>\n\n\n\n<p><\/p>\n","protected":false},"excerpt":{"rendered":"<p>Aqu\u00ed hi podeu veure les actes de les \u00faltimes assemblees, mem\u00f2ries, pressupostos i altres documents importants de l&#8217;AFA. Si voleu informaci\u00f3 sobre algun tema relacionat i no trobeu la informaci\u00f3 aqu\u00ed, ens podeu contactar, i us informarem. CURS 2020\/2021 ACTES [&hellip;]<\/p>\n","protected":false},"author":1,"featured_media":0,"parent":0,"menu_order":0,"comment_status":"closed","ping_status":"closed","template":"","meta":{"footnotes":""},"class_list":["post-981","page","type-page","status-publish","hentry"],"_links":{"self":[{"href":"https:\/\/afafloresta.org\/index.php\/wp-json\/wp\/v2\/pages\/981","targetHints":{"allow":["GET"]}}],"collection":[{"href":"https:\/\/afafloresta.org\/index.php\/wp-json\/wp\/v2\/pages"}],"about":[{"href":"https:\/\/afafloresta.org\/index.php\/wp-json\/wp\/v2\/types\/page"}],"author":[{"embeddable":true,"href":"https:\/\/afafloresta.org\/index.php\/wp-json\/wp\/v2\/users\/1"}],"replies":[{"embeddable":true,"href":"https:\/\/afafloresta.org\/index.php\/wp-json\/wp\/v2\/comments?post=981"}],"version-history":[{"count":11,"href":"https:\/\/afafloresta.org\/index.php\/wp-json\/wp\/v2\/pages\/981\/revisions"}],"predecessor-version":[{"id":1215,"href":"https:\/\/afafloresta.org\/index.php\/wp-json\/wp\/v2\/pages\/981\/revisions\/1215"}],"wp:attachment":[{"href":"https:\/\/afafloresta.org\/index.php\/wp-json\/wp\/v2\/media?parent=981"}],"curies":[{"name":"wp","href":"https:\/\/api.w.org\/{rel}","templated":true}]}}