{"id":541,"date":"2019-03-24T21:45:57","date_gmt":"2019-03-24T21:45:57","guid":{"rendered":"http:\/\/afafloresta.org\/?page_id=541"},"modified":"2021-09-15T11:44:08","modified_gmt":"2021-09-15T11:44:08","slug":"hort","status":"publish","type":"page","link":"https:\/\/afafloresta.org\/index.php\/comissions-2\/hort\/","title":{"rendered":"HORT"},"content":{"rendered":"\n<p><\/p>\n\n\n\n<figure class=\"wp-block-image size-large is-resized\"><img loading=\"lazy\" decoding=\"async\" src=\"http:\/\/afafloresta.org\/wp-content\/uploads\/2020\/10\/hort.jpg\" alt=\"\" class=\"wp-image-946\" width=\"453\" height=\"336\" srcset=\"https:\/\/afafloresta.org\/wp-content\/uploads\/2020\/10\/hort.jpg 1024w, https:\/\/afafloresta.org\/wp-content\/uploads\/2020\/10\/hort-300x223.jpg 300w, https:\/\/afafloresta.org\/wp-content\/uploads\/2020\/10\/hort-768x572.jpg 768w\" sizes=\"auto, (max-width: 453px) 100vw, 453px\" \/><\/figure>\n\n\n\n<p>L&#8217;hort \u00e9s un <span class=\"has-inline-color has-vivid-green-cyan-color\">projecte de l&#8217;escola<\/span>, on els nens des de 1r fins a 3r, adquireixen coneixement i pr\u00e0ctica en el treball de la terra, el cultiu i tot\u00a0all\u00f2 relacionat\u00a0amb el m\u00f3n de l&#8217;horticultura.<\/p>\n\n\n\n<p><br>Algunes <span class=\"has-inline-color has-vivid-green-cyan-color\">fam\u00edlies col\u00b7laborem<\/span>, durant el curs escolar i els per\u00edodes de vacances fent diverses tasques de manteniment, organitzaci\u00f3 i dinamitzaci\u00f3 d&#8217;aquest espai.<\/p>\n\n\n\n<p><\/p>\n\n\n\n<p>Els nostres infants compten amb l&#8217;especial col\u00b7laboraci\u00f3 del\u00a0<span class=\"has-inline-color has-vivid-green-cyan-color\">German,\u00a0ex-docent\u00a0de l&#8217;escola<\/span>, el qual ens aconsella, assessora i ajuda personalment pel que fa a l&#8217;activitat d&#8217;horticultura (sembra, collita&#8230;). Sense aquesta col\u00b7laboraci\u00f3, no podr\u00edem mantenir el nostre projecte d&#8217;hort. <\/p>\n\n\n\n<figure class=\"wp-block-image size-large is-resized\"><img loading=\"lazy\" decoding=\"async\" src=\"http:\/\/afafloresta.org\/wp-content\/uploads\/2020\/10\/hort2-1024x766.jpg\" alt=\"\" class=\"wp-image-953\" width=\"465\" height=\"347\" srcset=\"https:\/\/afafloresta.org\/wp-content\/uploads\/2020\/10\/hort2-1024x766.jpg 1024w, https:\/\/afafloresta.org\/wp-content\/uploads\/2020\/10\/hort2-300x224.jpg 300w, https:\/\/afafloresta.org\/wp-content\/uploads\/2020\/10\/hort2-768x574.jpg 768w, https:\/\/afafloresta.org\/wp-content\/uploads\/2020\/10\/hort2-1536x1149.jpg 1536w, https:\/\/afafloresta.org\/wp-content\/uploads\/2020\/10\/hort2.jpg 2016w\" sizes=\"auto, (max-width: 465px) 100vw, 465px\" \/><\/figure>\n\n\n\n<p><br><\/p>\n","protected":false},"excerpt":{"rendered":"<p>L&#8217;hort \u00e9s un projecte de l&#8217;escola, on els nens des de 1r fins a 3r, adquireixen coneixement i pr\u00e0ctica en el treball de la terra, el cultiu i tot\u00a0all\u00f2 relacionat\u00a0amb el m\u00f3n de l&#8217;horticultura. Algunes fam\u00edlies col\u00b7laborem, durant el curs [&hellip;]<\/p>\n","protected":false},"author":1,"featured_media":0,"parent":1084,"menu_order":0,"comment_status":"closed","ping_status":"closed","template":"","meta":{"footnotes":""},"class_list":["post-541","page","type-page","status-publish","hentry"],"_links":{"self":[{"href":"https:\/\/afafloresta.org\/index.php\/wp-json\/wp\/v2\/pages\/541","targetHints":{"allow":["GET"]}}],"collection":[{"href":"https:\/\/afafloresta.org\/index.php\/wp-json\/wp\/v2\/pages"}],"about":[{"href":"https:\/\/afafloresta.org\/index.php\/wp-json\/wp\/v2\/types\/page"}],"author":[{"embeddable":true,"href":"https:\/\/afafloresta.org\/index.php\/wp-json\/wp\/v2\/users\/1"}],"replies":[{"embeddable":true,"href":"https:\/\/afafloresta.org\/index.php\/wp-json\/wp\/v2\/comments?post=541"}],"version-history":[{"count":8,"href":"https:\/\/afafloresta.org\/index.php\/wp-json\/wp\/v2\/pages\/541\/revisions"}],"predecessor-version":[{"id":1231,"href":"https:\/\/afafloresta.org\/index.php\/wp-json\/wp\/v2\/pages\/541\/revisions\/1231"}],"up":[{"embeddable":true,"href":"https:\/\/afafloresta.org\/index.php\/wp-json\/wp\/v2\/pages\/1084"}],"wp:attachment":[{"href":"https:\/\/afafloresta.org\/index.php\/wp-json\/wp\/v2\/media?parent=541"}],"curies":[{"name":"wp","href":"https:\/\/api.w.org\/{rel}","templated":true}]}}

<p></p>



<figure class="wp-block-image size-large is-resized"><img loading="lazy" decoding="async" src="http://afafloresta.org/wp-content/uploads/2020/10/hort.jpg" alt="" class="wp-image-946" width="453" height="336" srcset="https://afafloresta.org/wp-content/uploads/2020/10/hort.jpg 1024w, https://afafloresta.org/wp-content/uploads/2020/10/hort-300x223.jpg 300w, https://afafloresta.org/wp-content/uploads/2020/10/hort-768x572.jpg 768w" sizes="auto, (max-width: 453px) 100vw, 453px" /></figure>



<p>L&#8217;hort és un <span class="has-inline-color has-vivid-green-cyan-color">projecte de l&#8217;escola</span>, on els nens des de 1r fins a 3r, adquireixen coneixement i pràctica en el treball de la terra, el cultiu i tot allò relacionat amb el món de l&#8217;horticultura.</p>



<p><br>Algunes <span class="has-inline-color has-vivid-green-cyan-color">famílies col·laborem</span>, durant el curs escolar i els períodes de vacances fent diverses tasques de manteniment, organització i dinamització d&#8217;aquest espai.</p>



<p></p>



<p>Els nostres infants compten amb l&#8217;especial col·laboració del <span class="has-inline-color has-vivid-green-cyan-color">German, ex-docent de l&#8217;escola</span>, el qual ens aconsella, assessora i ajuda personalment pel que fa a l&#8217;activitat d&#8217;horticultura (sembra, collita&#8230;). Sense aquesta col·laboració, no podríem mantenir el nostre projecte d&#8217;hort. </p>



<figure class="wp-block-image size-large is-resized"><img loading="lazy" decoding="async" src="http://afafloresta.org/wp-content/uploads/2020/10/hort2-1024x766.jpg" alt="" class="wp-image-953" width="465" height="347" srcset="https://afafloresta.org/wp-content/uploads/2020/10/hort2-1024x766.jpg 1024w, https://afafloresta.org/wp-content/uploads/2020/10/hort2-300x224.jpg 300w, https://afafloresta.org/wp-content/uploads/2020/10/hort2-768x574.jpg 768w, https://afafloresta.org/wp-content/uploads/2020/10/hort2-1536x1149.jpg 1536w, https://afafloresta.org/wp-content/uploads/2020/10/hort2.jpg 2016w" sizes="auto, (max-width: 465px) 100vw, 465px" /></figure>



<p><br></p>

<p>L&#8217;hort és un projecte de l&#8217;escola, on els nens des de 1r fins a 3r, adquireixen coneixement i pràctica en el treball de la terra, el cultiu i tot allò relacionat amb el món de l&#8217;horticultura. Algunes famílies col·laborem, durant el curs [&hellip;]</p>
