{"id":527,"date":"2019-03-24T21:42:56","date_gmt":"2019-03-24T21:42:56","guid":{"rendered":"http:\/\/afafloresta.org\/?page_id=527"},"modified":"2022-11-22T10:10:06","modified_gmt":"2022-11-22T10:10:06","slug":"extraescolars-i-esports","status":"publish","type":"page","link":"https:\/\/afafloresta.org\/index.php\/comissions-2\/extraescolars-i-esports\/","title":{"rendered":"EXTRAESCOLARS, ACOLLIDA I ESPLAI"},"content":{"rendered":"\n<p>Aquesta comissi\u00f3 est\u00e0 formada per fam\u00edlies, escola i Paidos, que \u00e9s l&#8217;empresa gestora. Ens encarreguem de vetllar pel bon funcionament dels serveis d&#8217;acollida, esplai i extraescolars a la nostra Escola.<\/p>\n\n\n\n<p>&nbsp;Entre totes planifiquem les graelles d&#8217;activitats extraescolars de cada curs i dels Casals d&#8217;estiu. Tamb\u00e9 proposem a totes les fam\u00edlies que articulin una activitat mitjan\u00e7ant enquestes, i els monogr\u00e0fics. D&#8217;aquesta darrera iniciativa han vingut per quedar-se activitats com \u00abfent fang\u00bb i \u00abexplorium\u00bb.<\/p>\n\n\n\n<p><br>Des de la comissi\u00f3 incentivem a fam\u00edlies i entitats a desterrar d&#8217;una vegada per&nbsp;totes els rols&nbsp;de g\u00e8nere mitjan\u00e7ant campanyes espec\u00edfiques i demanant la paritat al monitoratge. Volem incloure una mirada m\u00e9s sostenible prioritzant l&#8217;\u00fas de materials reutilitzats i del nostre envejable entorn exterior.<\/p>\n\n\n\n<p><br>Per als&nbsp;anys vinents&nbsp;volem incloure la mirada dels nens i de les nenes de l&#8217;Escola en totes les programacions. Vens amb nosaltres?<br><\/p>\n\n\n\n<figure class=\"wp-block-gallery columns-1 is-cropped wp-block-gallery-1 is-layout-flex wp-block-gallery-is-layout-flex\"><ul class=\"blocks-gallery-grid\"><li class=\"blocks-gallery-item\"><figure><img loading=\"lazy\" decoding=\"async\" width=\"672\" height=\"672\" src=\"https:\/\/afafloresta.org\/wp-content\/uploads\/2021\/02\/extraescolarswebpict.png\" alt=\"\" data-id=\"1143\" data-full-url=\"https:\/\/afafloresta.org\/wp-content\/uploads\/2021\/02\/extraescolarswebpict.png\" data-link=\"https:\/\/afafloresta.org\/index.php\/comissions__trashed\/extraescolars-i-esports\/extraescolarswebpict\/#main\" class=\"wp-image-1143\" srcset=\"https:\/\/afafloresta.org\/wp-content\/uploads\/2021\/02\/extraescolarswebpict.png 672w, https:\/\/afafloresta.org\/wp-content\/uploads\/2021\/02\/extraescolarswebpict-300x300.png 300w, https:\/\/afafloresta.org\/wp-content\/uploads\/2021\/02\/extraescolarswebpict-150x150.png 150w\" sizes=\"auto, (max-width: 672px) 100vw, 672px\" \/><\/figure><\/li><\/ul><\/figure>\n\n\n\n<p><strong>Si vols m\u00e9s informaci\u00f3 o vols formar part de la comissi\u00f3, pots escriure&#8217;ns per mail:<\/strong><\/p>\n\n\n\n<p><a href=\"mailto:extraescolars@afafloresta.org\">extraescolars@afafloresta.org<\/a><\/p>\n\n\n\n<p><strong>O unir-te al grup de whatsapp mitjan\u00e7ant aquest enlla\u00e7:<\/strong><\/p>\n\n\n\n<p><a href=\"https:\/\/chat.whatsapp.com\/Lt681cXPn4dBGmusAC6rgb\">https:\/\/chat.whatsapp.com\/Lt681cXPn4dBGmusAC6rgb<\/a><\/p>\n","protected":false},"excerpt":{"rendered":"<p>Aquesta comissi\u00f3 est\u00e0 formada per fam\u00edlies, escola i Paidos, que \u00e9s l&#8217;empresa gestora. Ens encarreguem de vetllar pel bon funcionament dels serveis d&#8217;acollida, esplai i extraescolars a la nostra Escola. &nbsp;Entre totes planifiquem les graelles d&#8217;activitats extraescolars de cada curs [&hellip;]<\/p>\n","protected":false},"author":1,"featured_media":0,"parent":1084,"menu_order":0,"comment_status":"closed","ping_status":"closed","template":"","meta":{"footnotes":""},"class_list":["post-527","page","type-page","status-publish","hentry"],"_links":{"self":[{"href":"https:\/\/afafloresta.org\/index.php\/wp-json\/wp\/v2\/pages\/527","targetHints":{"allow":["GET"]}}],"collection":[{"href":"https:\/\/afafloresta.org\/index.php\/wp-json\/wp\/v2\/pages"}],"about":[{"href":"https:\/\/afafloresta.org\/index.php\/wp-json\/wp\/v2\/types\/page"}],"author":[{"embeddable":true,"href":"https:\/\/afafloresta.org\/index.php\/wp-json\/wp\/v2\/users\/1"}],"replies":[{"embeddable":true,"href":"https:\/\/afafloresta.org\/index.php\/wp-json\/wp\/v2\/comments?post=527"}],"version-history":[{"count":5,"href":"https:\/\/afafloresta.org\/index.php\/wp-json\/wp\/v2\/pages\/527\/revisions"}],"predecessor-version":[{"id":1306,"href":"https:\/\/afafloresta.org\/index.php\/wp-json\/wp\/v2\/pages\/527\/revisions\/1306"}],"up":[{"embeddable":true,"href":"https:\/\/afafloresta.org\/index.php\/wp-json\/wp\/v2\/pages\/1084"}],"wp:attachment":[{"href":"https:\/\/afafloresta.org\/index.php\/wp-json\/wp\/v2\/media?parent=527"}],"curies":[{"name":"wp","href":"https:\/\/api.w.org\/{rel}","templated":true}]}}

<p>Aquesta comissió està formada per famílies, escola i Paidos, que és l&#8217;empresa gestora. Ens encarreguem de vetllar pel bon funcionament dels serveis d&#8217;acollida, esplai i extraescolars a la nostra Escola.</p>



<p>&nbsp;Entre totes planifiquem les graelles d&#8217;activitats extraescolars de cada curs i dels Casals d&#8217;estiu. També proposem a totes les famílies que articulin una activitat mitjançant enquestes, i els monogràfics. D&#8217;aquesta darrera iniciativa han vingut per quedar-se activitats com «fent fang» i «explorium».</p>



<p><br>Des de la comissió incentivem a famílies i entitats a desterrar d&#8217;una vegada per&nbsp;totes els rols&nbsp;de gènere mitjançant campanyes específiques i demanant la paritat al monitoratge. Volem incloure una mirada més sostenible prioritzant l&#8217;ús de materials reutilitzats i del nostre envejable entorn exterior.</p>



<p><br>Per als&nbsp;anys vinents&nbsp;volem incloure la mirada dels nens i de les nenes de l&#8217;Escola en totes les programacions. Vens amb nosaltres?<br></p>



<figure class="wp-block-gallery columns-1 is-cropped wp-block-gallery-1 is-layout-flex wp-block-gallery-is-layout-flex"><ul class="blocks-gallery-grid"><li class="blocks-gallery-item"><figure><img loading="lazy" decoding="async" width="672" height="672" src="https://afafloresta.org/wp-content/uploads/2021/02/extraescolarswebpict.png" alt="" data-id="1143" data-full-url="https://afafloresta.org/wp-content/uploads/2021/02/extraescolarswebpict.png" data-link="https://afafloresta.org/index.php/comissions__trashed/extraescolars-i-esports/extraescolarswebpict/#main" class="wp-image-1143" srcset="https://afafloresta.org/wp-content/uploads/2021/02/extraescolarswebpict.png 672w, https://afafloresta.org/wp-content/uploads/2021/02/extraescolarswebpict-300x300.png 300w, https://afafloresta.org/wp-content/uploads/2021/02/extraescolarswebpict-150x150.png 150w" sizes="auto, (max-width: 672px) 100vw, 672px" /></figure></li></ul></figure>



<p><strong>Si vols més informació o vols formar part de la comissió, pots escriure&#8217;ns per mail:</strong></p>



<p><a href="mailto:extraescolars@afafloresta.org">extraescolars@afafloresta.org</a></p>



<p><strong>O unir-te al grup de whatsapp mitjançant aquest enllaç:</strong></p>



<p><a href="https://chat.whatsapp.com/Lt681cXPn4dBGmusAC6rgb">https://chat.whatsapp.com/Lt681cXPn4dBGmusAC6rgb</a></p>

<p>Aquesta comissió està formada per famílies, escola i Paidos, que és l&#8217;empresa gestora. Ens encarreguem de vetllar pel bon funcionament dels serveis d&#8217;acollida, esplai i extraescolars a la nostra Escola. &nbsp;Entre totes planifiquem les graelles d&#8217;activitats extraescolars de cada curs [&hellip;]</p>
