{"id":46,"date":"2017-09-09T20:52:09","date_gmt":"2017-09-09T20:52:09","guid":{"rendered":"http:\/\/afafloresta.org\/?page_id=46"},"modified":"2021-09-25T11:37:38","modified_gmt":"2021-09-25T11:37:38","slug":"espai-migdia","status":"publish","type":"page","link":"https:\/\/afafloresta.org\/index.php\/comissions-2\/espai-migdia\/","title":{"rendered":"ESPAI MIGDIA"},"content":{"rendered":"\n<figure class=\"wp-block-image size-large\"><img loading=\"lazy\" decoding=\"async\" width=\"1024\" height=\"802\" src=\"http:\/\/afafloresta.org\/wp-content\/uploads\/2021\/09\/migdia-1024x802.jpg\" alt=\"\" class=\"wp-image-1279\" srcset=\"https:\/\/afafloresta.org\/wp-content\/uploads\/2021\/09\/migdia-1024x802.jpg 1024w, https:\/\/afafloresta.org\/wp-content\/uploads\/2021\/09\/migdia-300x235.jpg 300w, https:\/\/afafloresta.org\/wp-content\/uploads\/2021\/09\/migdia-768x601.jpg 768w, https:\/\/afafloresta.org\/wp-content\/uploads\/2021\/09\/migdia.jpg 1296w\" sizes=\"auto, (max-width: 1024px) 100vw, 1024px\" \/><\/figure>\n\n\n\n<p>A la comissi\u00f3 Migdia hi participen les fam\u00edlies, l&#8217;escola i \u00ab<a href=\"http:\/\/serveiseducatiuspamipipa.com\/\">Pam i Pipa<\/a>\u00bb que \u00e9s l&#8217;empresa que gestiona tant el menjador, com el temps de lleure que comparteixen els infants en l&#8217;horari de migdia.<br><\/p>\n\n\n\n<figure class=\"wp-block-image size-large\"><img loading=\"lazy\" decoding=\"async\" width=\"640\" height=\"640\" src=\"https:\/\/afafloresta.org\/wp-content\/uploads\/2021\/09\/espaimigdia1.jpg\" alt=\"\" class=\"wp-image-1260\" srcset=\"https:\/\/afafloresta.org\/wp-content\/uploads\/2021\/09\/espaimigdia1.jpg 640w, https:\/\/afafloresta.org\/wp-content\/uploads\/2021\/09\/espaimigdia1-300x300.jpg 300w, https:\/\/afafloresta.org\/wp-content\/uploads\/2021\/09\/espaimigdia1-150x150.jpg 150w\" sizes=\"auto, (max-width: 640px) 100vw, 640px\" \/><\/figure>\n\n\n\n<p>Mitjan\u00e7ant aquesta feina conjunta busquem iniciatives perqu\u00e8 aquest espai no sigui tan sols un temps de lleure sin\u00f3 una eina educativa, treballant h\u00e0bits d&#8217;higiene, respecte, alimentaci\u00f3 saludable, cohesi\u00f3 de grup, igualtat de g\u00e8nere&#8230; i proporcionant un ventall d&#8217;activitats a les quals els infants poden accedir, si volen, durant l&#8217;estona d&#8217;esbarjo.<br><\/p>\n\n\n\n<figure class=\"wp-block-image size-large\"><img loading=\"lazy\" decoding=\"async\" width=\"1024\" height=\"1024\" src=\"https:\/\/afafloresta.org\/wp-content\/uploads\/2021\/09\/migdia3-1024x1024.jpg\" alt=\"\" class=\"wp-image-1261\" srcset=\"https:\/\/afafloresta.org\/wp-content\/uploads\/2021\/09\/migdia3-1024x1024.jpg 1024w, https:\/\/afafloresta.org\/wp-content\/uploads\/2021\/09\/migdia3-300x300.jpg 300w, https:\/\/afafloresta.org\/wp-content\/uploads\/2021\/09\/migdia3-150x150.jpg 150w, https:\/\/afafloresta.org\/wp-content\/uploads\/2021\/09\/migdia3-768x768.jpg 768w, https:\/\/afafloresta.org\/wp-content\/uploads\/2021\/09\/migdia3.jpg 1080w\" sizes=\"auto, (max-width: 1024px) 100vw, 1024px\" \/><\/figure>\n\n\n\n<p>Tamb\u00e9 vetllem perqu\u00e8 l&#8217;equip de monitors\/es estigui en constant formaci\u00f3, realitzant durant el curs formacions com ara \u00abResoluci\u00f3 de conflictes\u00bb que els dota d&#8217;eines per a gestionar aquest espai.<br><\/p>\n\n\n\n<figure class=\"wp-block-image size-large\"><img loading=\"lazy\" decoding=\"async\" width=\"1024\" height=\"1024\" src=\"http:\/\/afafloresta.org\/wp-content\/uploads\/2021\/09\/migdia2-1024x1024.jpg\" alt=\"\" class=\"wp-image-1259\" srcset=\"https:\/\/afafloresta.org\/wp-content\/uploads\/2021\/09\/migdia2-1024x1024.jpg 1024w, https:\/\/afafloresta.org\/wp-content\/uploads\/2021\/09\/migdia2-300x300.jpg 300w, https:\/\/afafloresta.org\/wp-content\/uploads\/2021\/09\/migdia2-150x150.jpg 150w, https:\/\/afafloresta.org\/wp-content\/uploads\/2021\/09\/migdia2-768x768.jpg 768w, https:\/\/afafloresta.org\/wp-content\/uploads\/2021\/09\/migdia2.jpg 1080w\" sizes=\"auto, (max-width: 1024px) 100vw, 1024px\" \/><\/figure>\n\n\n\n<p>Igualment treballem de ben a prop el men\u00fa de l&#8217;escola per tal que hi hagi varietat i que s&#8217;hi inclogui un ventall de tipologies d&#8217;\u00e0pats que responguin a diferents necessitats que afecten l&#8217;alimentaci\u00f3, segons les opcions de les diferents fam\u00edlies. Tamb\u00e9 per a qu\u00e8 dins del men\u00fa hi hagi aliments frescos, ecol\u00f2gics, de proximitat, etc.<br><\/p>\n\n\n\n<p>Es fan reunions peri\u00f2diques on es fa seguiment i propostes per trobar entre tots\/es el millor funcionament i on es debaten propostes i neguits que tinguin les diferents fam\u00edlies.<\/p>\n\n\n\n<p>Tenim molt bon rotllo i ens faltes tu!<br><\/p>\n\n\n\n<p>Pots contactar amb nosaltres a:<\/p>\n\n\n\n<p><a href=\"mailto:espaimigdia@afafloresta.org\">espaimigdia@afafloresta.org<\/a><br><\/p>\n","protected":false},"excerpt":{"rendered":"<p>A la comissi\u00f3 Migdia hi participen les fam\u00edlies, l&#8217;escola i \u00abPam i Pipa\u00bb que \u00e9s l&#8217;empresa que gestiona tant el menjador, com el temps de lleure que comparteixen els infants en l&#8217;horari de migdia. Mitjan\u00e7ant aquesta feina conjunta busquem iniciatives [&hellip;]<\/p>\n","protected":false},"author":1,"featured_media":0,"parent":1084,"menu_order":0,"comment_status":"closed","ping_status":"closed","template":"","meta":{"footnotes":""},"class_list":["post-46","page","type-page","status-publish","hentry"],"_links":{"self":[{"href":"https:\/\/afafloresta.org\/index.php\/wp-json\/wp\/v2\/pages\/46","targetHints":{"allow":["GET"]}}],"collection":[{"href":"https:\/\/afafloresta.org\/index.php\/wp-json\/wp\/v2\/pages"}],"about":[{"href":"https:\/\/afafloresta.org\/index.php\/wp-json\/wp\/v2\/types\/page"}],"author":[{"embeddable":true,"href":"https:\/\/afafloresta.org\/index.php\/wp-json\/wp\/v2\/users\/1"}],"replies":[{"embeddable":true,"href":"https:\/\/afafloresta.org\/index.php\/wp-json\/wp\/v2\/comments?post=46"}],"version-history":[{"count":9,"href":"https:\/\/afafloresta.org\/index.php\/wp-json\/wp\/v2\/pages\/46\/revisions"}],"predecessor-version":[{"id":1281,"href":"https:\/\/afafloresta.org\/index.php\/wp-json\/wp\/v2\/pages\/46\/revisions\/1281"}],"up":[{"embeddable":true,"href":"https:\/\/afafloresta.org\/index.php\/wp-json\/wp\/v2\/pages\/1084"}],"wp:attachment":[{"href":"https:\/\/afafloresta.org\/index.php\/wp-json\/wp\/v2\/media?parent=46"}],"curies":[{"name":"wp","href":"https:\/\/api.w.org\/{rel}","templated":true}]}}

<figure class="wp-block-image size-large"><img loading="lazy" decoding="async" width="1024" height="802" src="http://afafloresta.org/wp-content/uploads/2021/09/migdia-1024x802.jpg" alt="" class="wp-image-1279" srcset="https://afafloresta.org/wp-content/uploads/2021/09/migdia-1024x802.jpg 1024w, https://afafloresta.org/wp-content/uploads/2021/09/migdia-300x235.jpg 300w, https://afafloresta.org/wp-content/uploads/2021/09/migdia-768x601.jpg 768w, https://afafloresta.org/wp-content/uploads/2021/09/migdia.jpg 1296w" sizes="auto, (max-width: 1024px) 100vw, 1024px" /></figure>



<p>A la comissió Migdia hi participen les famílies, l&#8217;escola i «<a href="http://serveiseducatiuspamipipa.com/">Pam i Pipa</a>» que és l&#8217;empresa que gestiona tant el menjador, com el temps de lleure que comparteixen els infants en l&#8217;horari de migdia.<br></p>



<figure class="wp-block-image size-large"><img loading="lazy" decoding="async" width="640" height="640" src="https://afafloresta.org/wp-content/uploads/2021/09/espaimigdia1.jpg" alt="" class="wp-image-1260" srcset="https://afafloresta.org/wp-content/uploads/2021/09/espaimigdia1.jpg 640w, https://afafloresta.org/wp-content/uploads/2021/09/espaimigdia1-300x300.jpg 300w, https://afafloresta.org/wp-content/uploads/2021/09/espaimigdia1-150x150.jpg 150w" sizes="auto, (max-width: 640px) 100vw, 640px" /></figure>



<p>Mitjançant aquesta feina conjunta busquem iniciatives perquè aquest espai no sigui tan sols un temps de lleure sinó una eina educativa, treballant hàbits d&#8217;higiene, respecte, alimentació saludable, cohesió de grup, igualtat de gènere&#8230; i proporcionant un ventall d&#8217;activitats a les quals els infants poden accedir, si volen, durant l&#8217;estona d&#8217;esbarjo.<br></p>



<figure class="wp-block-image size-large"><img loading="lazy" decoding="async" width="1024" height="1024" src="https://afafloresta.org/wp-content/uploads/2021/09/migdia3-1024x1024.jpg" alt="" class="wp-image-1261" srcset="https://afafloresta.org/wp-content/uploads/2021/09/migdia3-1024x1024.jpg 1024w, https://afafloresta.org/wp-content/uploads/2021/09/migdia3-300x300.jpg 300w, https://afafloresta.org/wp-content/uploads/2021/09/migdia3-150x150.jpg 150w, https://afafloresta.org/wp-content/uploads/2021/09/migdia3-768x768.jpg 768w, https://afafloresta.org/wp-content/uploads/2021/09/migdia3.jpg 1080w" sizes="auto, (max-width: 1024px) 100vw, 1024px" /></figure>



<p>També vetllem perquè l&#8217;equip de monitors/es estigui en constant formació, realitzant durant el curs formacions com ara «Resolució de conflictes» que els dota d&#8217;eines per a gestionar aquest espai.<br></p>



<figure class="wp-block-image size-large"><img loading="lazy" decoding="async" width="1024" height="1024" src="http://afafloresta.org/wp-content/uploads/2021/09/migdia2-1024x1024.jpg" alt="" class="wp-image-1259" srcset="https://afafloresta.org/wp-content/uploads/2021/09/migdia2-1024x1024.jpg 1024w, https://afafloresta.org/wp-content/uploads/2021/09/migdia2-300x300.jpg 300w, https://afafloresta.org/wp-content/uploads/2021/09/migdia2-150x150.jpg 150w, https://afafloresta.org/wp-content/uploads/2021/09/migdia2-768x768.jpg 768w, https://afafloresta.org/wp-content/uploads/2021/09/migdia2.jpg 1080w" sizes="auto, (max-width: 1024px) 100vw, 1024px" /></figure>



<p>Igualment treballem de ben a prop el menú de l&#8217;escola per tal que hi hagi varietat i que s&#8217;hi inclogui un ventall de tipologies d&#8217;àpats que responguin a diferents necessitats que afecten l&#8217;alimentació, segons les opcions de les diferents famílies. També per a què dins del menú hi hagi aliments frescos, ecològics, de proximitat, etc.<br></p>



<p>Es fan reunions periòdiques on es fa seguiment i propostes per trobar entre tots/es el millor funcionament i on es debaten propostes i neguits que tinguin les diferents famílies.</p>



<p>Tenim molt bon rotllo i ens faltes tu!<br></p>



<p>Pots contactar amb nosaltres a:</p>



<p><a href="mailto:espaimigdia@afafloresta.org">espaimigdia@afafloresta.org</a><br></p>

<p>A la comissió Migdia hi participen les famílies, l&#8217;escola i «Pam i Pipa» que és l&#8217;empresa que gestiona tant el menjador, com el temps de lleure que comparteixen els infants en l&#8217;horari de migdia. Mitjançant aquesta feina conjunta busquem iniciatives [&hellip;]</p>
