{"id":741,"date":"2020-10-01T17:34:28","date_gmt":"2020-10-01T17:34:28","guid":{"rendered":"http:\/\/afafloresta.org\/?page_id=741"},"modified":"2021-03-20T18:43:07","modified_gmt":"2021-03-20T18:43:07","slug":"que-fem","status":"publish","type":"page","link":"http:\/\/afafloresta.org\/index.php\/que-fem\/","title":{"rendered":"QU\u00c8 FEM?"},"content":{"rendered":"\n<p class=\"has-medium-font-size\"><strong> L\u2019AFA \u00e9s la principal via de participaci\u00f3 que tenim les fam\u00edlies en la vida de la comunitat educativa escolar.<\/strong><\/p>\n\n\n\n<p class=\"has-text-align-left has-normal-font-size\"><span class=\"has-inline-color has-vivid-green-cyan-color\"><strong>Gestionem els espais no lectius<\/strong><\/span> de la jornada escolar: ACOLLIDA MATINAL i de TARDA, ESPAI MIGDIA, EXTRAESCOLARS i CASALS (Nadal, Setmana Santa i Estiu) <\/p>\n\n\n\n<p class=\"has-text-align-left\"><span class=\"has-inline-color has-vivid-green-cyan-color\"><strong>Administrem els diners de les quotes de les fam\u00edlies s\u00f2cies.<\/strong><\/span>  Invertim els diners en activitats, infraestructures i materials que beneficien a tot l\u2019alumnat de l&#8217;escola.  Tamb\u00e9 col\u00b7laborem directament amb propostes del barri relacionades amb els infants. <\/p>\n\n\n\n<p class=\"has-text-align-left\"><span class=\"has-inline-color has-vivid-green-cyan-color\"><strong>Coordinem les diferents comissions de treball<\/strong><\/span>, que son les qui ajuden a fer possibles els projectes que ens proposem. <\/p>\n\n\n\n<p class=\"has-text-align-left\"><span class=\"has-inline-color has-vivid-green-cyan-color\"><strong>Contribu\u00efm a fomentar la conviv\u00e8ncia <\/strong><\/span>entre tota la comunitat educativa, i volem continuar aquesta l\u00ednia de treball. <\/p>\n\n\n\n<p class=\"has-text-align-left\"><span class=\"has-inline-color has-vivid-green-cyan-color\"><strong>Mantenim negociacions amb l\u2019administraci\u00f3<\/strong><\/span> , per a identificar necessitats comunes i donar-hi resposta.<\/p>\n\n\n\n<p> Som una associaci\u00f3  regida per uns estatuts. Aquests son revisables i s&#8217;aproven en l&#8217;assemblea general, i el reglament de r\u00e8gim intern. <\/p>\n\n\n\n<p class=\"has-text-align-center\">Si tens inter\u00e8s en con\u00e8ixer millor cada projecte, clica a<span class=\"has-inline-color has-vivid-green-cyan-color\"><strong> <a href=\"https:\/\/afafloresta.org\/index.php\/comissions-2\/\">COMISSIONS<\/a><\/strong><\/span><\/p>\n\n\n\n<h2 class=\"has-text-align-center wp-block-heading\"><strong>Totes fem AFA, totes fem escola!<\/strong><\/h2>\n\n\n\n<p><\/p>\n","protected":false},"excerpt":{"rendered":"<p>L\u2019AFA \u00e9s la principal via de participaci\u00f3 que tenim les fam\u00edlies en la vida de la comunitat educativa escolar. Gestionem els espais no lectius de la jornada escolar: ACOLLIDA MATINAL i de TARDA, ESPAI MIGDIA, EXTRAESCOLARS i CASALS (Nadal, Setmana [&hellip;]<\/p>\n","protected":false},"author":1,"featured_media":0,"parent":0,"menu_order":0,"comment_status":"closed","ping_status":"closed","template":"","meta":{"footnotes":""},"class_list":["post-741","page","type-page","status-publish","hentry"],"_links":{"self":[{"href":"http:\/\/afafloresta.org\/index.php\/wp-json\/wp\/v2\/pages\/741","targetHints":{"allow":["GET"]}}],"collection":[{"href":"http:\/\/afafloresta.org\/index.php\/wp-json\/wp\/v2\/pages"}],"about":[{"href":"http:\/\/afafloresta.org\/index.php\/wp-json\/wp\/v2\/types\/page"}],"author":[{"embeddable":true,"href":"http:\/\/afafloresta.org\/index.php\/wp-json\/wp\/v2\/users\/1"}],"replies":[{"embeddable":true,"href":"http:\/\/afafloresta.org\/index.php\/wp-json\/wp\/v2\/comments?post=741"}],"version-history":[{"count":16,"href":"http:\/\/afafloresta.org\/index.php\/wp-json\/wp\/v2\/pages\/741\/revisions"}],"predecessor-version":[{"id":1208,"href":"http:\/\/afafloresta.org\/index.php\/wp-json\/wp\/v2\/pages\/741\/revisions\/1208"}],"wp:attachment":[{"href":"http:\/\/afafloresta.org\/index.php\/wp-json\/wp\/v2\/media?parent=741"}],"curies":[{"name":"wp","href":"https:\/\/api.w.org\/{rel}","templated":true}]}}

QUÈ FEM?

<p class="has-medium-font-size"><strong> L’AFA és la principal via de participació que tenim les famílies en la vida de la comunitat educativa escolar.</strong></p>



<p class="has-text-align-left has-normal-font-size"><span class="has-inline-color has-vivid-green-cyan-color"><strong>Gestionem els espais no lectius</strong></span> de la jornada escolar: ACOLLIDA MATINAL i de TARDA, ESPAI MIGDIA, EXTRAESCOLARS i CASALS (Nadal, Setmana Santa i Estiu) </p>



<p class="has-text-align-left"><span class="has-inline-color has-vivid-green-cyan-color"><strong>Administrem els diners de les quotes de les famílies sòcies.</strong></span>  Invertim els diners en activitats, infraestructures i materials que beneficien a tot l’alumnat de l&#8217;escola.  També col·laborem directament amb propostes del barri relacionades amb els infants. </p>



<p class="has-text-align-left"><span class="has-inline-color has-vivid-green-cyan-color"><strong>Coordinem les diferents comissions de treball</strong></span>, que son les qui ajuden a fer possibles els projectes que ens proposem. </p>



<p class="has-text-align-left"><span class="has-inline-color has-vivid-green-cyan-color"><strong>Contribuïm a fomentar la convivència </strong></span>entre tota la comunitat educativa, i volem continuar aquesta línia de treball. </p>



<p class="has-text-align-left"><span class="has-inline-color has-vivid-green-cyan-color"><strong>Mantenim negociacions amb l’administració</strong></span> , per a identificar necessitats comunes i donar-hi resposta.</p>



<p> Som una associació  regida per uns estatuts. Aquests son revisables i s&#8217;aproven en l&#8217;assemblea general, i el reglament de règim intern. </p>



<p class="has-text-align-center">Si tens interès en conèixer millor cada projecte, clica a<span class="has-inline-color has-vivid-green-cyan-color"><strong> <a href="https://afafloresta.org/index.php/comissions-2/">COMISSIONS</a></strong></span></p>



<h2 class="has-text-align-center wp-block-heading"><strong>Totes fem AFA, totes fem escola!</strong></h2>



<p></p>

<p>L’AFA és la principal via de participació que tenim les famílies en la vida de la comunitat educativa escolar. Gestionem els espais no lectius de la jornada escolar: ACOLLIDA MATINAL i de TARDA, ESPAI MIGDIA, EXTRAESCOLARS i CASALS (Nadal, Setmana [&hellip;]</p>
